0 + 16 = -4*n. Let o = 96 - k. What is the units digit of o?
3
What is the tens digit of (38/4)/(6/24)?
3
Let q(h) = 6*h**3 - 2*h**2 + 1. Let s be q(1). Let u(b) = 2*b + 2. Let f be u(2). Suppose 3*i - s*v = 28, -2*i - 3*v + f = -0*v. What is the units digit of i?
6
Let a = 337 + -14. What is the hundreds digit of a?
3
Let m be 6/9*(-6)/(-4). Let c = 14 - 16. What is the units digit of m*(c - (2 + -15))?
1
Suppose -211 = -4*q + 61. Suppose 0*u - 4*u = -q. What is the tens digit of u?
1
Let r = 21 + -6. Suppose -i + 4*n + r = 0, -4*i - n + 5 = -4. What is the units digit of i?
3
Suppose -3*r - 2*f = 0, -12 = f - 5*f. What is the units digit of -1*1 - (0 + r)?
1
Suppose -3*j = -4*j + 9. What is the units digit of j?
9
Let b(l) = 3*l + 1. Let r(n) = 6*n + 2. Let a(t) = -7*b(t) + 4*r(t). Let f be a(1). Suppose -4*d - 31 = -3*k, f*d - 10 + 36 = 2*k. What is the units digit of k?
5
Suppose 5*c + 8*k + 10 = 4*k, 0 = 4*c - 4*k + 8. Let m(g) = -20*g - 8. Let x(y) = -7*y - 3. Let v(a) = 5*m(a) - 14*x(a). What is the units digit of v(c)?
6
Suppose q - 71 - 61 = 0. What is the hundreds digit of q?
1
Let s(p) = -2*p**3 - 3*p**2 + p - 11. What is the hundreds digit of s(-5)?
1
Suppose -3*z - 12 = 0, z + 4*z + 34 = 2*x. Let n(u) = -u**2 + 9*u - 7. Let q be n(x). Suppose -q*o + 28 = -5*o. What is the units digit of o?
4
Suppose 2 = j - 0. Suppose -2*z - 32 = j*z. Let i = z - -18. What is the units digit of i?
0
Let i(q) = 6*q**2 + q - 1. Let z be i(1). Let m be 2/4 + (-3)/z. Suppose 4*p + m*p + 11 = 3*x, -4*x + 20 = 0. What is the units digit of p?
1
Let k = -54 - -92. What is the units digit of k?
8
Suppose -4 = -a - 1. Suppose -2*u + u = -a. Let r = 16 - u. What is the units digit of r?
3
What is the units digit of (1*-1)/(4/16) - -198?
4
Let v(y) = -3*y**3 + 12*y**2 - 14*y + 12. Let h(p) = p**3 - 4*p**2 + 5*p - 4. Let l(f) = 7*h(f) + 2*v(f). What is the units digit of l(4)?
4
Let n(i) = -4*i. Let p be n(-4). Suppose l + 3*f - 35 = 0, -p - 4 = -5*f. What is the units digit of l?
3
Suppose 38 = 4*z + 26. What is the units digit of z?
3
Let f(p) = 3 - 4 + 3*p + 27*p. Let g be f(1). Let c = -18 + g. What is the tens digit of c?
1
Let q(f) = -f**3 - 13*f**2 + 16. What is the units digit of q(-13)?
6
Let k be (2 - 0)*(-4 + 3). What is the units digit of (20/8)/(k/(-4))?
5
Suppose 0 = 4*b - 9 - 7. Let i(f) = -f**2 + 8*f - 6. Let w be i(5). Suppose v + w = b*v. What is the units digit of v?
3
Let x = -43 - -65. Suppose x = t - 7. What is the units digit of t?
9
Suppose -2*j - 5*o + 11 = 0, -2*o - 4 = -3*j + 5*j. Let h = j + 2. Let v(n) = n**3 + 6*n**2 + 3*n - 6. What is the units digit of v(h)?
4
Suppose 2*a = -1 + 11. What is the units digit of a?
5
Suppose 0 = -c - 3*c - 16. Let o be (-1)/(-3) - c/6. Let d = o - -16. What is the tens digit of d?
1
What is the units digit of (-406)/(-6) + (-8)/12?
7
Let g(z) = -z**3 + 4*z**2 - 2*z + 2. Let f be g(3). Suppose 2*j + f = 33. Suppose -m + j = -3*q, -4*m + 28 = -2*q - 3*q. What is the units digit of m?
2
Let q(x) = -x**2 - 7*x + 4. Let w be q(-7). Suppose -w*l + 36 = -0. Suppose -5*f + 49 = l. What is the units digit of f?
8
Let y = 60 - -186. What is the hundreds digit of y?
2
Suppose 168 = 13*w - 10*w. What is the units digit of w?
6
Suppose 2*t - 5 = 9. Suppose 0 = 3*y + 4*v - t, 3*y - v = y + 23. What is the units digit of y?
9
Suppose 3*r - 5*k + 10 = 0, 2*r + 5*k - 50 = -3*r. Suppose 43 + r = o. What is the tens digit of o?
4
Let l(d) = d**2 + 14*d + 9. What is the units digit of l(-16)?
1
Suppose 9 = z - j, -3*z - 1 + 3 = 2*j. Let s be (-6)/9 - (-2)/(-6). Let h = s + z. What is the units digit of h?
3
Suppose 2*w - 4*w = -8. Suppose -4*c - d + 3*d + 94 = 0, -4*d - 84 = -w*c. What is the tens digit of c?
2
What is the units digit of 1/3 - (-2670)/9?
7
Let h be 5/2 - 4/(-8). Suppose -2*g = -4*m + 38, h*m - 19 = -g + 7. What is the units digit of m?
9
Suppose -d - b = -3*d - 14, -4*b + 36 = -4*d. Let k(h) = -7*h - h**2 + 0*h + h + 4. What is the units digit of k(d)?
9
Let g(n) = 3*n**2 - 2*n + 7. Let h(a) = -2*a**2 + a - 3. Let b(s) = -4*g(s) - 10*h(s). What is the units digit of b(1)?
8
Suppose -2*d + 0*d + 34 = 0. What is the tens digit of d?
1
Let f(p) = -p**2 - 8*p + 10. Suppose 0 = 2*m - 5*m - 66. Let k = m - -14. What is the units digit of f(k)?
0
Let m be -3*1/(-1) - 7. Let t be m/(-8)*(10 - -2). What is the units digit of 7/(-3*(-1)/t)?
4
Let w(y) be the third derivative of y**7/5040 - y**6/720 + y**5/20 + 3*y**2. Let g(f) be the third derivative of w(f). What is the units digit of g(4)?
3
Let t(p) = 2*p - 6. Let x be t(4). Suppose -d + 0*y + x = -4*y, 4*d - 68 = 4*y. Suppose 6*i - i + 4*v - 41 = 0, -2*i = -4*v - d. What is the units digit of i?
9
What is the units digit of (-58)/(-10) - (-11)/55?
6
Suppose i - 61 = -0*i. What is the tens digit of i?
6
Suppose -4*t = g - 788, -t + 5*g + 29 + 189 = 0. What is the units digit of t?
8
Suppose -m + 8 = 2*y, -y = -2*y + 2. Let z(l) = l**2 - 3*l - 1. What is the units digit of z(m)?
3
Let p = 75 - 8. What is the units digit of p?
7
Suppose 2*c + p - 209 = -2*p, -4*c = -3*p - 373. What is the tens digit of c?
9
Suppose 2*i - 3*i + 4*h - 2 = 0, h + 3 = 2*i. What is the units digit of ((-15)/6 + 3)*i?
1
Let s(g) = g**3 - 6*g**2 + g - 4. What is the units digit of s(6)?
2
What is the hundreds digit of 1/(-7) - (-46575)/175?
2
Let r(b) = -17*b**2 - 2*b + 2. Let l be r(1). Let d = l + 66. What is the units digit of d?
9
Suppose -2*r - 3*n = 48, n = 4*r + 3*n + 104. Let t = 39 + r. What is the tens digit of t?
1
Suppose 2*j + 124 = 4*j. What is the units digit of j?
2
What is the tens digit of 110*2 + 6 - -2?
2
Let c(b) = b**2 - 4*b + 7. Suppose 7*u + 15 = 10*u. What is the tens digit of c(u)?
1
Let g = 119 + 67. What is the tens digit of g?
8
Suppose -4*c + 16 = 4*q, -5*c + 2*q + 4 = -c. Let u be 1/c*8/(-2). Let g = 5 + u. What is the units digit of g?
3
Let k(n) = n - 1. Suppose 3*u = -3*x + 33, 3*u + 0*x - 28 = -2*x. Let c(t) = -2*t**2 + 3*t - 5. Let g(p) = u*k(p) - c(p). What is the tens digit of g(2)?
1
What is the tens digit of 49 + -7 + (-16)/(-4)?
4
Suppose 12*k - 15 = 9*k. Suppose 0*i + 2*i - 30 = -o, -k*o = -3*i + 71. What is the tens digit of i?
1
Let d = 25 + -12. What is the tens digit of d?
1
Let i = 148 - -232. What is the units digit of i?
0
Let a(n) = -n**2 - 3*n + 6. Let b be (-189)/39 - 2/13. Let l be a(b). What is the units digit of l/(-2) + 18 + 1?
1
Let k(p) = -2*p**3 + p**3 - 1 + 5*p**3 + 4*p**2 - 2*p - 5*p**3. What is the units digit of k(2)?
3
Suppose 0 = 8*x - 2*x - 528. What is the units digit of x?
8
Let q(i) = 12*i**2 + i - 2. Let z be q(2). Suppose 2*f - 7 - 35 = -2*v, 3*f = 2*v + z. Suppose f - 6 = 2*a. What is the units digit of a?
6
Suppose 0*k + 102 = 2*k - 2*l, 3*k = l + 151. What is the units digit of k?
0
Let g(p) = -p**3 + 6*p**2 + 7*p + 6. Let u(j) = 5*j - 3. Let s be u(2). What is the units digit of g(s)?
6
Let x = 362 - 201. What is the tens digit of x?
6
Let j = 19 + -34. Let h = -1 - j. What is the tens digit of h?
1
Suppose -3 + 11 = d + 5*g, 2*d + 12 = 4*g. Let a(t) = 2*t**3 - t**2 - 2*t. Let o(i) = i**2 + i. Let l(u) = -a(u) - 4*o(u). What is the units digit of l(d)?
8
Suppose -4*g = g - 345. What is the units digit of g?
9
Suppose -4*p - 218 = -4*v - 30, 2*v + 4*p - 106 = 0. What is the tens digit of v?
4
Let h(b) = b**2 + b - 3. Let z be h(4). Let q = -9 + z. Suppose -k + 2*k = 2*o - 5, q = 2*k + 2*o. What is the units digit of k?
1
Let h = -63 - -106. What is the tens digit of h?
4
Let z = 375 - 30. What is the hundreds digit of z?
3
Suppose -23 = -3*q + 7. Suppose -3*m = -8*m - q. What is the units digit of (1/m)/(3/(-6))?
1
Let o = 58 - 38. What is the units digit of o?
0
Suppose 5*p + 24 = 2*l - 599, 5*l - 1573 = -3*p. What is the units digit of l?
4
Suppose 3*q = -q. Suppose r - 2 = -3*o, q - 44 = -2*r + 4*o. What is the units digit of r?
4
Suppose -2*r + 34 = -d, -4*d + 4*r - 129 = 3*r. Let u = -18 - d. What is the units digit of u?
4
Suppose -2*t - 3*t + 290 = 0. What is the units digit of t?
8
Let o = 25 + -14. Let x = o + -9. What is the units digit of x?
2
Suppose -3*m - 4*q + 13 + 3 = 0, 8 = 2*q. Let o = 0 + m. Suppose 3 + o = j. What is the units digit of j?
3
Suppose 21 = 5*g - q, -4*q = -0*q - 16. What 